
Is 66686 a prime number?
False
Is 16519 composite?
False
Is 15107 a prime number?
True
Is 35597 prime?
True
Is 289937 a prime number?
True
Is 2321 composite?
True
Is 3103 prime?
False
Is 10331 composite?
False
Is 148989 a composite number?
True
Is 2980043 composite?
True
Is 47371 prime?
False
Is 2056069 composite?
False
Is 797 prime?
True
Is 195403 a composite number?
True
Is 15493 prime?
True
Is 1465 prime?
False
Is 8035 a prime number?
False
Is 27177 a composite number?
True
Is 110681 a prime number?
True
Is 4327 composite?
False
Is 130447 prime?
True
Is 58277 composite?
True
Is 25703 composite?
False
Is 23147 a prime number?
False
Is 11057 a prime number?
True
Is 34477 a composite number?
True
Is 2062 a composite number?
True
Is 443 a prime number?
True
Is 38953 composite?
False
Is 579353 prime?
True
Is 9655 prime?
False
Is 13121 composite?
False
Is 52289 a prime number?
True
Is 115886 a composite number?
True
Is 28513 prime?
True
Is 421463 composite?
True
Is 11597 a prime number?
True
Is 9469 prime?
False
Is 36591 a composite number?
True
Is 14167 a prime number?
False
Is 452735 composite?
True
Is 3607 composite?
False
Is 19801 prime?
True
Is 2098 prime?
False
Is 55973 prime?
False
Is 1055 a prime number?
False
Is 55513 a composite number?
True
Is 909971 composite?
False
Is 18847 a composite number?
True
Is 3557 prime?
True
Is 689879 a prime number?
True
Is 429181 prime?
True
Is 38971 composite?
False
Is 3710963 composite?
False
Is 2038 a prime number?
False
Is 16561 prime?
True
Is 4453003 a prime number?
False
Is 5381 a prime number?
True
Is 26099 a composite number?
False
Is 26557 a composite number?
False
Is 18509 prime?
False
Is 83473 prime?
False
Is 51059 composite?
False
Is 299273 a prime number?
False
Is 2837 a prime number?
True
Is 15131 a prime number?
True
Is 17899 composite?
True
Is 236287 prime?
True
Is 49821 a prime number?
False
Is 23963 a prime number?
False
Is 3202117 composite?
False
Is 7355 prime?
False
Is 7081 composite?
True
Is 92921 prime?
True
Is 3549509 a prime number?
True
Is 657779 prime?
True
Is 2605 a composite number?
True
Is 929417 a composite number?
False
Is 4837 a prime number?
False
Is 76451 composite?
True
Is 24733 composite?
False
Is 326437 prime?
True
Is 62273 composite?
False
Is 231893 composite?
False
Is 1405 prime?
False
Is 961871 prime?
True
Is 8327 a composite number?
True
Is 1043167 composite?
False
Is 13087 composite?
True
Is 3607 prime?
True
Is 119713 a composite number?
True
Is 98061 prime?
False
Is 532327 a composite number?
False
Is 12781 a prime number?
True
Is 289687 a prime number?
False
Is 130829 a composite number?
False
Is 20071 composite?
False
Is 65921 prime?
True
Is 177789 a prime number?
False
Is 4069 prime?
False
Is 1171549 a composite number?
False
Is 5737 prime?
True
Is 209713 a composite number?
True
Is 236137 composite?
True
Is 214991 composite?
True
Is 2602211 composite?
True
Is 54949 a prime number?
True
Is 22609 composite?
True
Is 17855 prime?
False
Is 586867 composite?
True
Is 286727 a prime number?
False
Is 109601 a composite number?
True
Is 955 composite?
True
Is 9029 composite?
False
Is 91393 prime?
True
Is 1664543 composite?
False
Is 79687 composite?
False
Is 1235335 a prime number?
False
Is 1072003 a composite number?
True
Is 11759 a composite number?
True
Is 929963 composite?
False
Is 22693 prime?
False
Is 441055 composite?
True
Is 5989 composite?
True
Is 11981 prime?
True
Is 68443 a composite number?
False
Is 5623 composite?
False
Is 15109 a prime number?
False
Is 67657 composite?
True
Is 26769 a prime number?
False
Is 132329 prime?
True
Is 2537 a prime number?
False
Is 18489 composite?
True
Is 13443 a prime number?
False
Is 259139 a prime number?
False
Is 173657 a composite number?
True
Is 27191 a prime number?
True
Is 94741 a prime number?
False
Is 800561 a composite number?
True
Is 58085 prime?
False
Is 103331 composite?
True
Is 131171 prime?
True
Is 1090577 a prime number?
True
Is 818509 composite?
False
Is 2033 a prime number?
False
Is 6029 a composite number?
False
Is 12953 prime?
True
Is 3118691 composite?
False
Is 42977 composite?
True
Is 42623 composite?
True
Is 587087 composite?
False
Is 91895 a prime number?
False
Is 66211 prime?
False
Is 5779 a prime number?
True
Is 21727 composite?
False
Is 6131 a composite number?
False
Is 8791 a composite number?
True
Is 2027365 prime?
False
Is 124067 a prime number?
True
Is 338971 prime?
False
Is 154279 composite?
False
Is 2183 prime?
False
Is 129173 a prime number?
False
Is 14531 a composite number?
True
Is 1543 a composite number?
False
Is 151591 a prime number?
False
Is 10198 a prime number?
False
Is 172309 composite?
True
Is 83869 a prime number?
True
Is 18841 composite?
True
Is 1513 prime?
False
Is 1537 prime?
False
Is 10981 prime?
False
Is 15019 prime?
False
Is 251087 a composite number?
False
Is 3877 a composite number?
False
Is 1674433 a composite number?
False
Is 3899 a prime number?
False
Is 495793 prime?
False
Is 156887 a prime number?
True
Is 343483 a prime number?
False
Is 78779 a composite number?
False
Is 1169669 a prime number?
True
Is 14431 a composite number?
False
Is 15959 prime?
True
Is 473521 prime?
False
Is 10433 a composite number?
False
Is 1239877 a composite number?
False
Is 11969 prime?
True
Is 704929 a composite number?
False
Is 1943 a prime number?
False
Is 7103699 a composite number?
False
Is 711169 composite?
True
Is 38381 a prime number?
False
Is 3694 composite?
True
Is 67741 prime?
True
Is 5683 a prime number?
True
Is 163403 a prime number?
True
Is 313865 a composite number?
True
Is 75937 prime?
True
Is 18398 a prime number?
False
Is 115721 a composite number?
True
Is 1345 composite?
True
Is 493537 composite?
True
Is 66083 a prime number?
True
Is 12842 prime?
False
Is 205991 a composite number?
False
Is 20543 a prime number?
True
Is 10391 composite?
False
Is 124121 a prime number?
True
Is 1399 a composite number?
False
Is 729821 a prime number?
True
Is 3943 a composite number?
False
Is 154681 composite?
False
Is 528523 a composite number?
True
Is 852787 prime?
False
Is 5873 a composite number?
True
Is 548987 a composite number?
True
Is 301951 prime?
False
Is 214765 a composite number?
True
Is 55 composite?
True
Is 3959 prime?
False
Is 39019 composite?
False
Is 1368161 a prime number?
True
Is 7483 a prime number?
False
Is 11657 a prime number?
True
Is 12515 composite?
True
Is 11065 a composite number?
True
Is 2432851 prime?
True
Is 586589 a composite number?
False
Is 514309 a composite number?
False
Is 4813 a composite number?
False
Is 145891 a composite number?
True
Is 12739 a prime number?
True
Is 257965 a composite number?
True
Is 654673 prime?
False
Is 31357 composite?
False
Is 13643 a composite number?
True
Is 124969 prime?
False
Is 198497 a composite number?
True
Is 329657 a prime number?
True
Is 88581 prime?
False
Is 8219 a composite number?
False
Is 2207 composite?
False
Is 107111 a prime number?
False
Is 209497 prime?
True
Is 732361 composite?
True
Is 104137 a prime number?
False
Is 3797 prime?
True
Is 885769 a composite number?
False
Is 35521 a prime number?
True
Is 2437 a prime number?
True
Is 2099 a composite number?
False
Is 1039 composite?
False
Is 15493 prime?
True
Is 93358 composite?
True
Is 414343 composite?
True
Is 4087333 prime?
True
Is 12077 prime?
False
Is 36965 composite?
True
Is 9311 a prime number?
True
Is 11047 a composite number?
False
Is 29621 a composite number?
True
Is 99478 a composite number?
True
Is 4251199 composite?
False
Is 35293 composite?
True
Is 1346 composite?
True
Is 88079 a prime number?
True
Is 409 a prime number?
True
Is 339991 prime?
True
Is 123811 prime?
False
Is 45561 a prime number?
False
Is 7103 composite?
False
Is 6248251 a prime number?
True
Is 19819 prime?
True
Is 609859 a composite number?
False
Is 2333 composite?
False
Is 391247 a composite number?
False
Is 200771 composite?
False
Is 65551 a prime number?
True
Is 20017 composite?
True
Is 960961 a composite number?
False
Is 6619 a composite number?
False
Is 1046041 prime?
False
Is 2101 a prime number?
False
Is 6637 a prime number?
True
Is 24317 prime?
True
Is 1642 a composite number?
True
Is 46609 prime?
False
Is 85691 composite?
False
Is 118451 composite?
True
Is 3197 prime?
False